{"version":"1.0","provider_name":"Melind\u00e1val Kit\u00e1rul a Vil\u00e1g","provider_url":"https:\/\/kitarulavilag.hu\/de","author_name":"B\u00e1nki Szilvia","author_url":"https:\/\/kitarulavilag.hu\/de\/author\/szilvi\/","title":"Autizmus spektrum - Melind\u00e1val Kit\u00e1rul a Vil\u00e1g","type":"rich","width":600,"height":338,"html":"<blockquote class=\"wp-embedded-content\" data-secret=\"T3W5NzWatk\"><a href=\"https:\/\/kitarulavilag.hu\/de\/autizmus-spektrum-2\/\">Autizmus spektrum<\/a><\/blockquote><iframe sandbox=\"allow-scripts\" security=\"restricted\" src=\"https:\/\/kitarulavilag.hu\/de\/autizmus-spektrum-2\/embed\/#?secret=T3W5NzWatk\" width=\"600\" height=\"338\" title=\"&#8222;Autizmus spektrum&#8220; &#8211; Melind\u00e1val Kit\u00e1rul a Vil\u00e1g\" data-secret=\"T3W5NzWatk\" frameborder=\"0\" marginwidth=\"0\" marginheight=\"0\" scrolling=\"no\" class=\"wp-embedded-content\"><\/iframe><script type=\"text\/javascript\">\n\/* <![CDATA[ *\/\n\/*! This file is auto-generated *\/\n!function(d,l){\"use strict\";l.querySelector&&d.addEventListener&&\"undefined\"!=typeof URL&&(d.wp=d.wp||{},d.wp.receiveEmbedMessage||(d.wp.receiveEmbedMessage=function(e){var t=e.data;if((t||t.secret||t.message||t.value)&&!\/[^a-zA-Z0-9]\/.test(t.secret)){for(var s,r,n,a=l.querySelectorAll('iframe[data-secret=\"'+t.secret+'\"]'),o=l.querySelectorAll('blockquote[data-secret=\"'+t.secret+'\"]'),c=new RegExp(\"^https?:$\",\"i\"),i=0;i<o.length;i++)o[i].style.display=\"none\";for(i=0;i<a.length;i++)s=a[i],e.source===s.contentWindow&&(s.removeAttribute(\"style\"),\"height\"===t.message?(1e3<(r=parseInt(t.value,10))?r=1e3:~~r<200&&(r=200),s.height=r):\"link\"===t.message&&(r=new URL(s.getAttribute(\"src\")),n=new URL(t.value),c.test(n.protocol))&&n.host===r.host&&l.activeElement===s&&(d.top.location.href=t.value))}},d.addEventListener(\"message\",d.wp.receiveEmbedMessage,!1),l.addEventListener(\"DOMContentLoaded\",function(){for(var e,t,s=l.querySelectorAll(\"iframe.wp-embedded-content\"),r=0;r<s.length;r++)(t=(e=s[r]).getAttribute(\"data-secret\"))||(t=Math.random().toString(36).substring(2,12),e.src+=\"#?secret=\"+t,e.setAttribute(\"data-secret\",t)),e.contentWindow.postMessage({message:\"ready\",secret:t},\"*\")},!1)))}(window,document);\n\/\/# sourceURL=https:\/\/kitarulavilag.hu\/wp-includes\/js\/wp-embed.min.js\n\/* ]]> *\/\n<\/script>\n","thumbnail_url":"https:\/\/kitarulavilag.hu\/wp-content\/uploads\/2021\/06\/WP_20150401_001.jpg","thumbnail_width":900,"thumbnail_height":506,"description":"Int\u00e9zm\u00e9ny\u00fcnk egyik f\u0151 tev\u00e9kenys\u00e9ge az autizmus-spektrum zavarral diagnosztiz\u00e1lt, vagy diagn\u00f3zisra v\u00e1r\u00f3 gyermekek \u00e9s csal\u00e1djaik ell\u00e1t\u00e1sa. Korai \u00e9letkort\u00f3l (1,5 \u00e9v) ak\u00e1r feln\u0151ttkorig lehet\u0151s\u00e9g van a fejleszt\u00e9sen val\u00f3 r\u00e9szv\u00e9telre. Csapatunk a korszer\u0171, evidencia-alap\u00fa autizmus-specifikus ell\u00e1t\u00e1s jegy\u00e9ben dolgozik. Ez azt jelenti, hogy olyan eszk\u00f6z\u00f6ket \u00e9s gyakorlatokat haszn\u00e1lunk, aminek a hat\u00e9konys\u00e1g\u00e1t m\u00e1r kutat\u00e1sok bizony\u00edtott\u00e1k."}

Melindával Kitárul a Világ

Bánki Szilvia

Autizmus spektrum - Melindával Kitárul a Világ

<blockquote class="wp-embedded-content" data-secret="T3W5NzWatk"><a href="https://kitarulavilag.hu/de/autizmus-spektrum-2/">Autizmus spektrum</a></blockquote><iframe sandbox="allow-scripts" security="restricted" src="https://kitarulavilag.hu/de/autizmus-spektrum-2/embed/#?secret=T3W5NzWatk" width="600" height="338" title="&#8222;Autizmus spektrum&#8220; &#8211; Melindával Kitárul a Világ" data-secret="T3W5NzWatk" frameborder="0" marginwidth="0" marginheight="0" scrolling="no" class="wp-embedded-content"></iframe><script type="text/javascript">
/* <![CDATA[ */
/*! This file is auto-generated */
!function(d,l){"use strict";l.querySelector&&d.addEventListener&&"undefined"!=typeof URL&&(d.wp=d.wp||{},d.wp.receiveEmbedMessage||(d.wp.receiveEmbedMessage=function(e){var t=e.data;if((t||t.secret||t.message||t.value)&&!/[^a-zA-Z0-9]/.test(t.secret)){for(var s,r,n,a=l.querySelectorAll('iframe[data-secret="'+t.secret+'"]'),o=l.querySelectorAll('blockquote[data-secret="'+t.secret+'"]'),c=new RegExp("^https?:$","i"),i=0;i<o.length;i++)o[i].style.display="none";for(i=0;i<a.length;i++)s=a[i],e.source===s.contentWindow&&(s.removeAttribute("style"),"height"===t.message?(1e3<(r=parseInt(t.value,10))?r=1e3:~~r<200&&(r=200),s.height=r):"link"===t.message&&(r=new URL(s.getAttribute("src")),n=new URL(t.value),c.test(n.protocol))&&n.host===r.host&&l.activeElement===s&&(d.top.location.href=t.value))}},d.addEventListener("message",d.wp.receiveEmbedMessage,!1),l.addEventListener("DOMContentLoaded",function(){for(var e,t,s=l.querySelectorAll("iframe.wp-embedded-content"),r=0;r<s.length;r++)(t=(e=s[r]).getAttribute("data-secret"))||(t=Math.random().toString(36).substring(2,12),e.src+="#?secret="+t,e.setAttribute("data-secret",t)),e.contentWindow.postMessage({message:"ready",secret:t},"*")},!1)))}(window,document);
//# sourceURL=https://kitarulavilag.hu/wp-includes/js/wp-embed.min.js
/* ]]> */
</script>

Intézményünk egyik fő tevékenysége az autizmus-spektrum zavarral diagnosztizált, vagy diagnózisra váró gyermekek és családjaik ellátása. Korai életkortól (1,5 év) akár felnőttkorig lehetőség van a fejlesztésen való részvételre. Csapatunk a korszerű, evidencia-alapú autizmus-specifikus ellátás jegyében dolgozik. Ez azt jelenti, hogy olyan eszközöket és gyakorlatokat használunk, aminek a hatékonyságát már kutatások bizonyították.
